{"id":8016,"date":"2022-04-11T19:25:27","date_gmt":"2022-04-11T17:25:27","guid":{"rendered":"https:\/\/sistercoachmaguy.com\/?post_type=product&#038;p=8016"},"modified":"2022-04-11T19:25:27","modified_gmt":"2022-04-11T17:25:27","slug":"confiance-en-soi-comment-ameliorer-sa-confiance-en-soi","status":"publish","type":"product","link":"https:\/\/detybel.fr\/TransformYourLife\/produit\/confiance-en-soi-comment-ameliorer-sa-confiance-en-soi\/","title":{"rendered":"CONFIANCE EN SOI: COMMENT AM\u00c9LIORER SA CONFIANCE EN SOI"},"content":{"rendered":"<p>Comment activer sa confiance en soi, Renforce sa confiance Notebook d\u00e9velopper sa confiance en soi.LA confiance en soi est une condition pour r\u00e9ussir dans de nombreux domaines de vie .Avoir confiance en soi ,confiance ,estime de soi et affirmation de soi la force de se d\u00e9passer .D\u00e9passer la peur, accepter le changement .Sortir de sa zone de confort HABITUEL.<\/p>\n<p>AUTEURE.Maguy Afi Tsopedor est une femme entrepreneuse : la d\u00e9couverte de soi changeons notre vie, cette jeune femme dynamique est dipl\u00f4m\u00e9e dans les domaines d\u2019assistance de vie aux familles et de coaching dans le d\u00e9veloppement personnel et le leadership. Forte d\u2019une exp\u00e9rience significative professionnellement et spirituellement, port\u00e9s par sa foi en l\u2019amour de l\u2019autre, elle se porte aujourd\u2019hui en missionnaire, avec une volont\u00e9 affirm\u00e9e de redonner \u00e0 chacun motivation, joie de vivre et confiance en soi en l\u2019accompagnant sur la voie de l\u2019\u00e9panouissement.<\/p>\n","protected":false},"excerpt":{"rendered":"<p>Comment activer sa confiance en soi, Renforce sa confiance Notebook d\u00e9velopper sa confiance en soi.LA confiance en soi est une condition pour r\u00e9ussir dans de nombreux domaines de vie .Avoir confiance en soi ,confiance ,estime de soi et affirmation de soi la force de se d\u00e9passer .D\u00e9passer la peur, accepter le changement .Sortir de sa [&hellip;]<\/p>\n","protected":false},"featured_media":8017,"comment_status":"open","ping_status":"closed","template":"","meta":{"_et_pb_use_builder":"","_et_pb_old_content":"","_et_gb_content_width":"","pmpro_default_level":0},"product_brand":[],"product_cat":[82],"product_tag":[],"class_list":{"0":"post-8016","1":"product","2":"type-product","3":"status-publish","4":"has-post-thumbnail","6":"product_cat-carnet-de-note","7":"pmpro-has-access","9":"first","10":"instock","11":"taxable","12":"shipping-taxable","13":"product-type-external"},"_links":{"self":[{"href":"https:\/\/detybel.fr\/TransformYourLife\/wp-json\/wp\/v2\/product\/8016","targetHints":{"allow":["GET"]}}],"collection":[{"href":"https:\/\/detybel.fr\/TransformYourLife\/wp-json\/wp\/v2\/product"}],"about":[{"href":"https:\/\/detybel.fr\/TransformYourLife\/wp-json\/wp\/v2\/types\/product"}],"replies":[{"embeddable":true,"href":"https:\/\/detybel.fr\/TransformYourLife\/wp-json\/wp\/v2\/comments?post=8016"}],"wp:featuredmedia":[{"embeddable":true,"href":"https:\/\/detybel.fr\/TransformYourLife\/wp-json\/wp\/v2\/media\/8017"}],"wp:attachment":[{"href":"https:\/\/detybel.fr\/TransformYourLife\/wp-json\/wp\/v2\/media?parent=8016"}],"wp:term":[{"taxonomy":"product_brand","embeddable":true,"href":"https:\/\/detybel.fr\/TransformYourLife\/wp-json\/wp\/v2\/product_brand?post=8016"},{"taxonomy":"product_cat","embeddable":true,"href":"https:\/\/detybel.fr\/TransformYourLife\/wp-json\/wp\/v2\/product_cat?post=8016"},{"taxonomy":"product_tag","embeddable":true,"href":"https:\/\/detybel.fr\/TransformYourLife\/wp-json\/wp\/v2\/product_tag?post=8016"}],"curies":[{"name":"wp","href":"https:\/\/api.w.org\/{rel}","templated":true}]}}