{"id":7938,"date":"2022-04-11T16:39:03","date_gmt":"2022-04-11T14:39:03","guid":{"rendered":"https:\/\/sistercoachmaguy.com\/?post_type=product&#038;p=7938"},"modified":"2022-04-11T16:39:03","modified_gmt":"2022-04-11T14:39:03","slug":"carnet-photo","status":"publish","type":"product","link":"https:\/\/detybel.fr\/TransformYourLife\/produit\/carnet-photo\/","title":{"rendered":"Carnet photo"},"content":{"rendered":"<p><span class=\"a-text-bold\">\u2b50\u2b50ALBUM PHOTO DE CLASSE \u2b50\u2b50<\/span><\/p>\n<p>Vous cherchez un joli album pour coller vos plus belles photos de classe ? Un album original de la maternelle au lyc\u00e9e ? Alors ce carnet est fait pour vous !<\/p>\n<p>Il est compos\u00e9 de 61 pages \u00e0 compl\u00e9ter, vous pourrez coller vos photos mais aussi noter vos meilleurs souvenirs et le nom de vos camarades !<\/p>\n<p><span class=\"a-text-bold a-text-italic\">Descriptif :<\/span><\/p>\n<p>\u2611 Une page de pr\u00e9sentation.<\/p>\n<p>\u2611 Quatre pages pour chaque ann\u00e9e scolaire, de la Petite Section \u00e0 la Terminale.<\/p>\n<p>\u2611 30 pages pour coller vos photos.<\/p>\n<p>\u2611 30 pages \u00e0 compl\u00e9ter, pour noter le nom de vos camarades et vos meilleurs souvenirs.<\/p>\n<p><span class=\"a-text-bold a-text-italic\">Caract\u00e9ristiques :<\/span><\/p>\n<p>\u2611 Format 21*29,7 cm.<\/p>\n<p>\u2611 Couverture brillante pour un rendu beau et durable.<\/p>\n<p>\u2611 Album imprim\u00e9 \u00e0 la demande, nous sommes une petite maison d\u2019\u00e9dition soucieuse de son l\u2019environnement.<\/p>\n<p>\u2611 Papier blanc de haute qualit\u00e9.<\/p>\n<p><span class=\"a-text-bold\">C\u2019est l\u2019album photo \u00e0 ne pas manquer ! Il vous suivra tout au long de votre parcourt scolaire !<\/span><\/p>\n<p><span class=\"a-text-bold\">\u2b50 Cliquez sur ACHETER CET ARTICLE pour obtenir votre carnet d\u00e8s aujourd\u2019hui. \u2b50<\/span><\/p>\n","protected":false},"excerpt":{"rendered":"<p>\u2b50\u2b50ALBUM PHOTO DE CLASSE \u2b50\u2b50 Vous cherchez un joli album pour coller vos plus belles photos de classe ? Un album original de la maternelle au lyc\u00e9e ? Alors ce carnet est fait pour vous ! Il est compos\u00e9 de 61 pages \u00e0 compl\u00e9ter, vous pourrez coller vos photos mais aussi noter vos meilleurs souvenirs [&hellip;]<\/p>\n","protected":false},"featured_media":7941,"comment_status":"open","ping_status":"closed","template":"","meta":{"_et_pb_use_builder":"","_et_pb_old_content":"","_et_gb_content_width":"","pmpro_default_level":0},"product_brand":[],"product_cat":[82],"product_tag":[],"class_list":{"0":"post-7938","1":"product","2":"type-product","3":"status-publish","4":"has-post-thumbnail","6":"product_cat-carnet-de-note","7":"pmpro-has-access","9":"first","10":"instock","11":"taxable","12":"shipping-taxable","13":"product-type-external"},"_links":{"self":[{"href":"https:\/\/detybel.fr\/TransformYourLife\/wp-json\/wp\/v2\/product\/7938","targetHints":{"allow":["GET"]}}],"collection":[{"href":"https:\/\/detybel.fr\/TransformYourLife\/wp-json\/wp\/v2\/product"}],"about":[{"href":"https:\/\/detybel.fr\/TransformYourLife\/wp-json\/wp\/v2\/types\/product"}],"replies":[{"embeddable":true,"href":"https:\/\/detybel.fr\/TransformYourLife\/wp-json\/wp\/v2\/comments?post=7938"}],"wp:featuredmedia":[{"embeddable":true,"href":"https:\/\/detybel.fr\/TransformYourLife\/wp-json\/wp\/v2\/media\/7941"}],"wp:attachment":[{"href":"https:\/\/detybel.fr\/TransformYourLife\/wp-json\/wp\/v2\/media?parent=7938"}],"wp:term":[{"taxonomy":"product_brand","embeddable":true,"href":"https:\/\/detybel.fr\/TransformYourLife\/wp-json\/wp\/v2\/product_brand?post=7938"},{"taxonomy":"product_cat","embeddable":true,"href":"https:\/\/detybel.fr\/TransformYourLife\/wp-json\/wp\/v2\/product_cat?post=7938"},{"taxonomy":"product_tag","embeddable":true,"href":"https:\/\/detybel.fr\/TransformYourLife\/wp-json\/wp\/v2\/product_tag?post=7938"}],"curies":[{"name":"wp","href":"https:\/\/api.w.org\/{rel}","templated":true}]}}