{"id":5747,"date":"2021-07-20T13:50:31","date_gmt":"2021-07-20T11:50:31","guid":{"rendered":"https:\/\/sistercoachmaguy.com\/?post_type=product&#038;p=5747"},"modified":"2022-03-23T17:49:03","modified_gmt":"2022-03-23T16:49:03","slug":"jounal-sur-camping-car-journal-de-bord-pour-preparer-et-reussir-votre-voyage-en-camping-car-ou-camion-amenage-cahier-a-completer-pour-notre-vos-parcourt-cadeau-pour-noel-ou-anniversaire","status":"publish","type":"product","link":"https:\/\/detybel.fr\/TransformYourLife\/produit\/jounal-sur-camping-car-journal-de-bord-pour-preparer-et-reussir-votre-voyage-en-camping-car-ou-camion-amenage-cahier-a-completer-pour-notre-vos-parcourt-cadeau-pour-noel-ou-anniversaire\/","title":{"rendered":"JOUNAL SUR CAMPING-CAR: Journal de bord pour pr\u00e9parer et r\u00e9ussir votre voyage en camping-car ou camion am\u00e9nag\u00e9 | Cahier \u00e0 compl\u00e9ter pour notre vos &#8230; parcourt | Cadeau pour Noel ou Anniversaire"},"content":{"rendered":"<p><b>CARNET DE CAMPING-CAR<\/b><\/p>\n<p>Vous cherchez un carnet pour pr\u00e9parer r\u00e9ussir votre voyage ? Pour suivre vos sorties, vos activit\u00e9s, et votre parcours ? Ce journal de bord est fait pour vous !<\/p>\n<p>Il est compos\u00e9 de 109 pages pour noter les caract\u00e9ristiques de votre voyage.<\/p>\n<p><b><i>Descriptif :<\/i><\/b><\/p>\n<ul>\n<li>1 page de pr\u00e9sentation.<\/li>\n<li>2 pages pour la carte d\u2019Europe.<\/li>\n<li>106 pages pour 26 voyages.<\/li>\n<\/ul>\n<p><i><b>Caract\u00e9ristiques :<\/b><\/i><\/p>\n<ul>\n<li>Format 6*9 po.<\/li>\n<li>Couverture brillante 220g\/m2.<\/li>\n<li>Int\u00e9rieur noir et blanc 90g\/m2.<\/li>\n<\/ul>\n<p><b>Ce carnet est parfait pour r\u00e9ussir votre voyage. C\u2019est le carnet \u00e0 avoir pour tous les passionn\u00e9s de camping-car !<\/b><\/p>\n","protected":false},"excerpt":{"rendered":"<p>CARNET DE CAMPING-CAR Vous cherchez un carnet pour pr\u00e9parer r\u00e9ussir votre voyage ? Pour suivre vos sorties, vos activit\u00e9s, et votre parcours ? Ce journal de bord est fait pour vous ! Il est compos\u00e9 de 109 pages pour noter les caract\u00e9ristiques de votre voyage. Descriptif : 1 page de pr\u00e9sentation. 2 pages pour la [&hellip;]<\/p>\n","protected":false},"featured_media":7603,"comment_status":"open","ping_status":"closed","template":"","meta":{"_et_pb_use_builder":"","_et_pb_old_content":"","_et_gb_content_width":"","pmpro_default_level":0},"product_brand":[],"product_cat":[81],"product_tag":[],"class_list":{"0":"post-5747","1":"product","2":"type-product","3":"status-publish","4":"has-post-thumbnail","6":"product_cat-journal","7":"pmpro-has-access","9":"first","10":"instock","11":"taxable","12":"shipping-taxable","13":"product-type-external"},"_links":{"self":[{"href":"https:\/\/detybel.fr\/TransformYourLife\/wp-json\/wp\/v2\/product\/5747","targetHints":{"allow":["GET"]}}],"collection":[{"href":"https:\/\/detybel.fr\/TransformYourLife\/wp-json\/wp\/v2\/product"}],"about":[{"href":"https:\/\/detybel.fr\/TransformYourLife\/wp-json\/wp\/v2\/types\/product"}],"replies":[{"embeddable":true,"href":"https:\/\/detybel.fr\/TransformYourLife\/wp-json\/wp\/v2\/comments?post=5747"}],"wp:featuredmedia":[{"embeddable":true,"href":"https:\/\/detybel.fr\/TransformYourLife\/wp-json\/wp\/v2\/media\/7603"}],"wp:attachment":[{"href":"https:\/\/detybel.fr\/TransformYourLife\/wp-json\/wp\/v2\/media?parent=5747"}],"wp:term":[{"taxonomy":"product_brand","embeddable":true,"href":"https:\/\/detybel.fr\/TransformYourLife\/wp-json\/wp\/v2\/product_brand?post=5747"},{"taxonomy":"product_cat","embeddable":true,"href":"https:\/\/detybel.fr\/TransformYourLife\/wp-json\/wp\/v2\/product_cat?post=5747"},{"taxonomy":"product_tag","embeddable":true,"href":"https:\/\/detybel.fr\/TransformYourLife\/wp-json\/wp\/v2\/product_tag?post=5747"}],"curies":[{"name":"wp","href":"https:\/\/api.w.org\/{rel}","templated":true}]}}