{"id":5741,"date":"2021-07-20T13:48:02","date_gmt":"2021-07-20T11:48:02","guid":{"rendered":"https:\/\/sistercoachmaguy.com\/?post_type=product&#038;p=5741"},"modified":"2022-03-23T17:14:11","modified_gmt":"2022-03-23T16:14:11","slug":"mots-meles-naturel-cahier-de-mots-caches-en-gros-caracteres-pour-les-adultes-carnet-de-puzzle-pour-les-amoureux-de-la-nature-pres-de-30-grilles-pour-noel-un-anniversaire-ou-les-vacances","status":"publish","type":"product","link":"https:\/\/detybel.fr\/TransformYourLife\/produit\/mots-meles-naturel-cahier-de-mots-caches-en-gros-caracteres-pour-les-adultes-carnet-de-puzzle-pour-les-amoureux-de-la-nature-pres-de-30-grilles-pour-noel-un-anniversaire-ou-les-vacances\/","title":{"rendered":"MOTS MELES NATUREL: Cahier de mots cach\u00e9s en gros caract\u00e8res pour les adultes | Carnet de puzzle pour les amoureux de la nature | Pr\u00e8s de 30 grilles &#8230; pour no\u00ebl , un anniversaire ou les vacances"},"content":{"rendered":"<p><b>Ce carnet de mots m\u00eal\u00e9s est le cadeau id\u00e9al pour tous les amoureux des animaux !<\/b><\/p>\n<p>Il est compos\u00e9 de :<\/p>\n<ul>\n<li>une page de pr\u00e9sentation.<\/li>\n<\/ul>\n<ul>\n<li>une page pour les r\u00e8gles.<\/li>\n<\/ul>\n<ul>\n<li>36 pages de grilles de mots gros caract\u00e8res sur les animaux.<\/li>\n<\/ul>\n<ul>\n<li>couverture haute qualit\u00e9 220g\/m2.<\/li>\n<\/ul>\n<ul>\n<li>int\u00e9rieur noir et blanc 90g\/m2.<\/li>\n<\/ul>\n<p><b>Vous souhaitez faire un cadeau pour no\u00ebl ou un anniversaire ? Ce cahier de mots cach\u00e9s sp\u00e9cial animaux sera \u00e0 coup s\u00fbr une r\u00e9ussite !<\/b><\/p>\n","protected":false},"excerpt":{"rendered":"<p>Ce carnet de mots m\u00eal\u00e9s est le cadeau id\u00e9al pour tous les amoureux des animaux ! Il est compos\u00e9 de : une page de pr\u00e9sentation. une page pour les r\u00e8gles. 36 pages de grilles de mots gros caract\u00e8res sur les animaux. couverture haute qualit\u00e9 220g\/m2. int\u00e9rieur noir et blanc 90g\/m2. Vous souhaitez faire un cadeau [&hellip;]<\/p>\n","protected":false},"featured_media":7591,"comment_status":"open","ping_status":"closed","template":"","meta":{"_et_pb_use_builder":"","_et_pb_old_content":"","_et_gb_content_width":"","pmpro_default_level":0},"product_brand":[],"product_cat":[82],"product_tag":[],"class_list":{"0":"post-5741","1":"product","2":"type-product","3":"status-publish","4":"has-post-thumbnail","6":"product_cat-carnet-de-note","7":"pmpro-has-access","9":"first","10":"instock","11":"taxable","12":"shipping-taxable","13":"product-type-external"},"_links":{"self":[{"href":"https:\/\/detybel.fr\/TransformYourLife\/wp-json\/wp\/v2\/product\/5741","targetHints":{"allow":["GET"]}}],"collection":[{"href":"https:\/\/detybel.fr\/TransformYourLife\/wp-json\/wp\/v2\/product"}],"about":[{"href":"https:\/\/detybel.fr\/TransformYourLife\/wp-json\/wp\/v2\/types\/product"}],"replies":[{"embeddable":true,"href":"https:\/\/detybel.fr\/TransformYourLife\/wp-json\/wp\/v2\/comments?post=5741"}],"wp:featuredmedia":[{"embeddable":true,"href":"https:\/\/detybel.fr\/TransformYourLife\/wp-json\/wp\/v2\/media\/7591"}],"wp:attachment":[{"href":"https:\/\/detybel.fr\/TransformYourLife\/wp-json\/wp\/v2\/media?parent=5741"}],"wp:term":[{"taxonomy":"product_brand","embeddable":true,"href":"https:\/\/detybel.fr\/TransformYourLife\/wp-json\/wp\/v2\/product_brand?post=5741"},{"taxonomy":"product_cat","embeddable":true,"href":"https:\/\/detybel.fr\/TransformYourLife\/wp-json\/wp\/v2\/product_cat?post=5741"},{"taxonomy":"product_tag","embeddable":true,"href":"https:\/\/detybel.fr\/TransformYourLife\/wp-json\/wp\/v2\/product_tag?post=5741"}],"curies":[{"name":"wp","href":"https:\/\/api.w.org\/{rel}","templated":true}]}}