{"id":5718,"date":"2021-07-01T12:16:49","date_gmt":"2021-07-01T10:16:49","guid":{"rendered":"https:\/\/sistercoachmaguy.com\/?post_type=product&#038;p=5718"},"modified":"2022-03-23T12:47:19","modified_gmt":"2022-03-23T11:47:19","slug":"carnet-de-notes-gratitude-chaque-matin-reveillez-vous-avec-la-gratitude","status":"publish","type":"product","link":"https:\/\/detybel.fr\/TransformYourLife\/produit\/carnet-de-notes-gratitude-chaque-matin-reveillez-vous-avec-la-gratitude\/","title":{"rendered":"CARNET DE NOTES GRATITUDE: Chaque matin r\u00e9veillez-vous avec la Gratitude"},"content":{"rendered":"<p>CHAQUE MATIN TROUVER UN MOT DE LA GRATITUDE, r\u00e9veillez-vous en \u00e9prouvant de la gratitude pour ce que la vie vous offre le souffle de vie .<\/p>\n<p>Reconnaissance et de la Gratitude, \u00e9tat d&rsquo;esprit positive. La Gratitude un impact sur tous les domaines de vie et vous d\u00e9sirez voir votre bien-\u00eatre votre sant\u00e9, votre couple, votre carri\u00e8re, votre Leadership passer \u00e0 un autre Niveau objectifs cl\u00e9s. Estime de soi, vous sentez toute votre valeur.<\/p>\n<p>Maguy Afi Tsopedor est une femme entrepreneuse : cr\u00e9atrice de d\u00e9couverte de soi, changer notre vie, cette jeune femme dynamique est dipl\u00f4m\u00e9e dans les domaines d\u2019assistance de vie aux familles et de coaching dans le d\u00e9veloppement personnel et le leadership. Forte d\u2019une exp\u00e9rience significative professionnellement et spirituellement, port\u00e9s par sa foi en l\u2019amour de l\u2019autre, elle se porte aujourd\u2019hui en missionnaire, avec une volont\u00e9 affirm\u00e9e de redonner \u00e0 chacun motivation, joie de vivre et confiance en soi en l\u2019accompagnant sur la voie de l\u2019\u00e9panouissement.<\/p>\n","protected":false},"excerpt":{"rendered":"<p>CHAQUE MATIN TROUVER UN MOT DE LA GRATITUDE, r\u00e9veillez-vous en \u00e9prouvant de la gratitude pour ce que la vie vous offre le souffle de vie . Reconnaissance et de la Gratitude, \u00e9tat d&rsquo;esprit positive. La Gratitude un impact sur tous les domaines de vie et vous d\u00e9sirez voir votre bien-\u00eatre votre sant\u00e9, votre couple, votre [&hellip;]<\/p>\n","protected":false},"featured_media":7346,"comment_status":"open","ping_status":"closed","template":"","meta":{"_et_pb_use_builder":"","_et_pb_old_content":"","_et_gb_content_width":"","pmpro_default_level":0},"product_brand":[],"product_cat":[82],"product_tag":[],"class_list":{"0":"post-5718","1":"product","2":"type-product","3":"status-publish","4":"has-post-thumbnail","6":"product_cat-carnet-de-note","7":"pmpro-has-access","9":"first","10":"instock","11":"taxable","12":"shipping-taxable","13":"product-type-external"},"_links":{"self":[{"href":"https:\/\/detybel.fr\/TransformYourLife\/wp-json\/wp\/v2\/product\/5718","targetHints":{"allow":["GET"]}}],"collection":[{"href":"https:\/\/detybel.fr\/TransformYourLife\/wp-json\/wp\/v2\/product"}],"about":[{"href":"https:\/\/detybel.fr\/TransformYourLife\/wp-json\/wp\/v2\/types\/product"}],"replies":[{"embeddable":true,"href":"https:\/\/detybel.fr\/TransformYourLife\/wp-json\/wp\/v2\/comments?post=5718"}],"wp:featuredmedia":[{"embeddable":true,"href":"https:\/\/detybel.fr\/TransformYourLife\/wp-json\/wp\/v2\/media\/7346"}],"wp:attachment":[{"href":"https:\/\/detybel.fr\/TransformYourLife\/wp-json\/wp\/v2\/media?parent=5718"}],"wp:term":[{"taxonomy":"product_brand","embeddable":true,"href":"https:\/\/detybel.fr\/TransformYourLife\/wp-json\/wp\/v2\/product_brand?post=5718"},{"taxonomy":"product_cat","embeddable":true,"href":"https:\/\/detybel.fr\/TransformYourLife\/wp-json\/wp\/v2\/product_cat?post=5718"},{"taxonomy":"product_tag","embeddable":true,"href":"https:\/\/detybel.fr\/TransformYourLife\/wp-json\/wp\/v2\/product_tag?post=5718"}],"curies":[{"name":"wp","href":"https:\/\/api.w.org\/{rel}","templated":true}]}}