{"id":5625,"date":"2021-06-24T10:24:12","date_gmt":"2021-06-24T08:24:12","guid":{"rendered":"https:\/\/sistercoachmaguy.com\/?post_type=product&#038;p=5625"},"modified":"2022-03-23T17:04:52","modified_gmt":"2022-03-23T16:04:52","slug":"carnet-de-notes-deco-cahier-pour-decorateur-decoratrice","status":"publish","type":"product","link":"https:\/\/detybel.fr\/TransformYourLife\/produit\/carnet-de-notes-deco-cahier-pour-decorateur-decoratrice\/","title":{"rendered":"CARNET DE NOTES D\u00c9CO: Cahier pour d\u00e9corateur \/ d\u00e9coratrice"},"content":{"rendered":"<p>Vous cherchez un carnet pour r\u00e9ussir la d\u00e9coration de votre maison ? Vous avez besoin d\u2019un cahier pour noter vos id\u00e9es et vos rep\u00e9rages dans les magasins ? Ce carnet de d\u00e9coration est fait pour vous !<\/p>\n<p>Il est compos\u00e9 de 96 pages pour noter les informations essentielles de vos pi\u00e8ces et de vos prochaines d\u00e9corations.<\/p>\n<p><i><b>Caract\u00e9ristiques :<\/b><\/i><\/p>\n<ul>\n<li>1 page de pr\u00e9sentation.<\/li>\n<\/ul>\n<ul>\n<li>20 pages pour noter vos id\u00e9es et les informations de vos meubles et d\u00e9corations.<\/li>\n<\/ul>\n<ul>\n<li>76 pages pour noter les caract\u00e9ristiques de vos pi\u00e8ces et pr\u00e9parer votre agencement \u00e0 l\u2019aide de sch\u00e9mas, photos etc\u2026<\/li>\n<\/ul>\n<ul>\n<li>Format 6*9 po.<\/li>\n<\/ul>\n<ul>\n<li>Couverture brillante 220\u2009g\/m2.<\/li>\n<\/ul>\n<ul>\n<li>Int\u00e9rieur noir et blanc 90\u2009g\/m2.<\/li>\n<\/ul>\n<p><b>Ce carnet est parfait pour les amoureux de d\u00e9co. C\u2019est un cadeau original pour no\u00ebl un anniversaire ou tout simplement faire plaisir !<\/b><\/p>\n","protected":false},"excerpt":{"rendered":"<p>Vous cherchez un carnet pour r\u00e9ussir la d\u00e9coration de votre maison ? Vous avez besoin d\u2019un cahier pour noter vos id\u00e9es et vos rep\u00e9rages dans les magasins ? Ce carnet de d\u00e9coration est fait pour vous ! Il est compos\u00e9 de 96 pages pour noter les informations essentielles de vos pi\u00e8ces et de vos prochaines [&hellip;]<\/p>\n","protected":false},"featured_media":7578,"comment_status":"open","ping_status":"closed","template":"","meta":{"_et_pb_use_builder":"","_et_pb_old_content":"","_et_gb_content_width":"","pmpro_default_level":0},"product_brand":[],"product_cat":[82],"product_tag":[],"class_list":{"0":"post-5625","1":"product","2":"type-product","3":"status-publish","4":"has-post-thumbnail","6":"product_cat-carnet-de-note","7":"pmpro-has-access","9":"first","10":"instock","11":"taxable","12":"shipping-taxable","13":"product-type-external"},"_links":{"self":[{"href":"https:\/\/detybel.fr\/TransformYourLife\/wp-json\/wp\/v2\/product\/5625","targetHints":{"allow":["GET"]}}],"collection":[{"href":"https:\/\/detybel.fr\/TransformYourLife\/wp-json\/wp\/v2\/product"}],"about":[{"href":"https:\/\/detybel.fr\/TransformYourLife\/wp-json\/wp\/v2\/types\/product"}],"replies":[{"embeddable":true,"href":"https:\/\/detybel.fr\/TransformYourLife\/wp-json\/wp\/v2\/comments?post=5625"}],"wp:featuredmedia":[{"embeddable":true,"href":"https:\/\/detybel.fr\/TransformYourLife\/wp-json\/wp\/v2\/media\/7578"}],"wp:attachment":[{"href":"https:\/\/detybel.fr\/TransformYourLife\/wp-json\/wp\/v2\/media?parent=5625"}],"wp:term":[{"taxonomy":"product_brand","embeddable":true,"href":"https:\/\/detybel.fr\/TransformYourLife\/wp-json\/wp\/v2\/product_brand?post=5625"},{"taxonomy":"product_cat","embeddable":true,"href":"https:\/\/detybel.fr\/TransformYourLife\/wp-json\/wp\/v2\/product_cat?post=5625"},{"taxonomy":"product_tag","embeddable":true,"href":"https:\/\/detybel.fr\/TransformYourLife\/wp-json\/wp\/v2\/product_tag?post=5625"}],"curies":[{"name":"wp","href":"https:\/\/api.w.org\/{rel}","templated":true}]}}